2*r**2. Calculate t(x).
-10
Let t = -18 - -21. Let c(g) = 4*g**2 - 3 + g**t - 4*g**3 + 3*g + 0*g**3 + 2*g**3. Calculate c(5).
-13
Let o(n) = -20*n - 1. Let x(v) = v**2 - 9*v + 13. Let u be x(7). Give o(u).
19
Let n(w) = -2*w**2 - w + 1. Let r be (-12)/(-8) - (-3)/(-2). Let g be (-2)/(r + (-1)/(-3)). Let j be (-4)/g*(-9)/3. What is n(j)?
-5
Let r(a) = 11*a**2 + 4*a - 12. Let y(i) = 7*i**2 + i - 4. Let x(w) = -13*w**2 - 2*w + 8. Let d(s) = -3*x(s) - 5*y(s). Let h(n) = 17*d(n) - 6*r(n). What is h(4)?
8
Suppose -1 = -4*v + 7. Let x(p) = 0*p - p**3 + 0*p**3 - p**v + p - 3. Suppose 5*f = f. Give x(f).
-3
Let m(n) = -2*n + 2. Let h(j) = -4*j + 12. Let i be h(4). Determine m(i).
10
Let k = 7 + -5. Let q(c) = -7*c + 1 - 10*c**3 + c - 6*c**k + 9*c**3. Suppose -3*n = 2*n + 25. Determine q(n).
6
Let w(t) = t**2 + 9*t - 16. Let v be ((-66)/24)/((-3)/(-12)). Calculate w(v).
6
Let g be 4/((-24)/10)*-6. Suppose y - g = -y. Let v(f) = -f**2 + 7*f - 2. Calculate v(y).
8
Let s be (0 + 1/(-1))*0. Suppose 4*h + 12 = -s. Let x(y) = y**2 - 3*y + 0*y**2 - 2*y**2 + 3 + y. Give x(h).
0
Let c(m) = -m**3 + 5*m**2 + 3*m - 4. Suppose 50 = -5*w + 75. Give c(w).
11
Let t(z) = -6*z**2 + 0 + 4*z + 4*z**2 - z**3 + 1. What is t(-3)?
-2
Let z(o) = o**3 - o**2 + 2*o. Suppose -2*d = -2 - 0. Let b = d - -1. Calculate z(b).
8
Let z(p) be the first derivative of 3*p**2 - 2*p - 6. What is z(-3)?
-20
Let r = -8 + 10. Suppose -x = -r*x. Let b(i) = i**3 - i**2 + i - 4. Determine b(x).
-4
Let v(n) = 3*n + 4. Let d(c) = c**2 + 8*c + 4. Suppose 5*t = -h - 31, -5*h = -t + 13 - 40. Let r be d(t). Let b be v(r). Let g(j) = -j - 5. Give g(b).
0
Suppose 3*x + x - 8 = 0. Suppose -3 = 2*q - 3*q. Let z(o) = o - o**x + 1 + 3*o - q*o. Determine z(-2).
-5
Let p(m) = m**3 - 4*m**2 - 7*m + 6. Let t be p(5). Let b = t - -6. Let n(g) = 0 - g**2 - 3 - 17*g + g**3 + 11*g + 8*g. What is n(b)?
5
Suppose -r - 3*b = b - 16, -3*r - b + 15 = 0. Let n(x) be the first derivative of x**3/3 - 7*x**2/2 + 6*x + 12. Determine n(r).
-6
Let q(m) be the first derivative of 9*m**4/4 - 2*m**3/3 - m**2/2 - 2. Let i(k) = -k**2. Let w be i(-1). Let h be (w/(-2))/(6/(-12)). What is q(h)?
-10
Suppose -40 = 4*t - 0. Let p be (20/t)/((-1)/(-1)). Let h(u) = -2*u**3 - 2*u**2 + u - 2. Calculate h(p).
4
Suppose 3*b = -l - 13, 0 = 2*l - 5*l - b + 1. Let q = 2 + -1. Let u(m) = 1 - q + m**l - 4*m + 3. Determine u(5).
8
Let v = 28 - 15. Suppose 0*g + 12 = 4*g. Suppose -2*c - 3*k - 16 = 0, 0 = g*c - 0*k - k + v. Let i(o) = o**2 + 5*o - 2. Give i(c).
-2
Let o(s) be the second derivative of -s**4/12 + 2*s**3/3 - 4*s. What is o(3)?
3
Suppose 4*r - 3*h - 33 = 0, 2*r = h - 4 + 19. Let w(z) = 2*z - 6. Determine w(r).
6
Let d(z) = z**3 + 4*z**2 + z - 2. Let m be d(-3). Suppose 0 = 4*l - t + 141, 69 = -2*l - 3*t + m*t. Let c be 34/9 + (-8)/l. Let u(w) = 2*w - 2. Give u(c).
6
Let k(y) = 4*y + 1. Let s(p) = 8*p + 3. Let w(l) = 5*k(l) - 2*s(l). Suppose -3*u = -0*u. Suppose -x + u = 1. What is w(x)?
-5
Let p(h) = -h + 1. Let m(t) = t**2 - 8*t + 3. Let o(z) = m(z) - 5*p(z). Let a(v) = -v. Let b be a(-4). Determine o(b).
2
Let s(w) = -3*w. Suppose 0*n = 3*m + 4*n - 4, -n = -4. Give s(m).
12
Let q = 13 + -8. Let v(u) = -15*u**2 - 2*u. Let b(y) = -13*y**2 - y. Let j(i) = -7*b(i) + 6*v(i). Give j(q).
0
Let q be ((-24)/9)/((-10)/15). Let f(d) = d**2 - 4*d + 3. Calculate f(q).
3
Let y(h) = 5*h**2 + 0 - 8 + 0*h - 8*h. Let z(a) = 3*a**2 - 5*a - 5. Suppose 0 = -4*l - n - 34, -5*l + 0*n + 2*n = 36. Let w(q) = l*z(q) + 5*y(q). What is w(-1)?
1
Let n(v) be the second derivative of -v**6/720 - v**5/120 - 5*v**4/12 - v. Let r(l) be the third derivative of n(l). Calculate r(-3).
2
Let n(b) be the third derivative of b**5/60 - b**4/4 - b**3/6 + 9*b**2. Calculate n(6).
-1
Let p be (-3)/(-9) + (-28)/(-6). Suppose 17 - p = 3*s. Let h be 2*s/(8/(-3)). Let l(q) = -q**3 - 4*q**2 - q + 1. Calculate l(h).
-5
Let t = -31 - -28. Let k(o) = o**2 + 2*o + 4. What is k(t)?
7
Let y(d) = d**3 + 7*d**2 + d + 8. Let o = 27 - 34. Calculate y(o).
1
Let i(g) be the third derivative of g**7/630 + g**6/720 + g**5/60 + 3*g**2. Let v(b) be the third derivative of i(b). Calculate v(1).
9
Let i(t) be the first derivative of -1/2*t**2 - 1/6*t**4 + 2*t + 1/4*t**5 + 1/3*t**3 + 4. Let x(h) be the first derivative of i(h). Calculate x(1).
4
Let q(d) = d + 7. Suppose 5*b + 35 = -5*v, -2*b - 6 = -4*v - 4. Let o(r) = -r - 3. Let f be o(b). Suppose -3 - f = k. Calculate q(k).
2
Let d(a) be the first derivative of a**4/4 + 8*a**3/3 - 9*a**2/2 - 6*a + 25. What is d(-9)?
-6
Suppose -2*t = -5*m - 3, 2*t = m - 5*m - 6. Let x = m + -1. Let o(l) = 2*l**3 + 2*l**2 - 3*l - 2. Calculate o(x).
-4
Suppose 2*q + 3*y - 10 = 0, 3*y - 9 = 2*q + 5. Let d(h) = -4*h + 1. Give d(q).
5
Let q(s) = s**2 - 2*s - 16. Let d be q(-10). Let p(n) = 1 + 0 + 0 + 105*n - d*n. What is p(5)?
6
Let r(u) be the first derivative of -2 + 1/3*u**3 + 1/2*u**2 + 0*u. Let l be (1/(-1))/1*-1. Determine r(l).
2
Let o = 13 + -6. Let n(c) = -6*c + 6 - o + 3*c**2 - 5*c**2 + 3*c**2. Calculate n(7).
6
Suppose -6*h + 4*h = 4. Let s(o) = o**3 + 2*o**2 + 2*o - 2. Determine s(h).
-6
Let u(o) = -2*o**3 + 2*o**2 + o + 1. Let w(t) = 2*t**2 + 3*t. Suppose -4 = y + 3. Let n = 5 + y. Let i be w(n). Give u(i).
-5
Let b(z) = -z - 5. Let c be b(-9). Let h(l) be the second derivative of -l**4/12 + l**3 - l**2/2 - 4*l. Calculate h(c).
7
Let b(z) = -2*z + 1. Suppose 3*o - 5*j + 4 = -o, 0 = 5*o + 5*j + 5. Let y(a) = a. Let p(l) = o*y(l) - b(l). Calculate p(3).
2
Suppose 0 = v + 4*v + 5. Let n(g) = 2 - 5 + 6 - 2 - 9*g. Determine n(v).
10
Let r(m) be the second derivative of -m**5/10 + 11*m. Calculate r(1).
-2
Let l(t) = -6*t**2 + 6*t + 4. Let p(q) = -5*q**2 + 6*q + 4. Let n(a) = -6*l(a) + 7*p(a). Suppose -3*i = -15, 2*z + 0*z + 4*i - 10 = 0. Give n(z).
-1
Let n(l) = -3*l**2 + l - 1. Let p(w) = -2*w**2 - 1. Let d(a) = -3*n(a) + 4*p(a). Determine d(-2).
9
Let t(q) be the second derivative of q**3/6 - 5*q**2/2 + 12*q. Give t(5).
0
Let j(z) = -5*z**2 + 2*z - 1. Suppose l + 4*x - 7 = 2*l, 10 = 5*x. Calculate j(l).
-4
Let f(w) = -w**2 - 2*w + 2. Suppose -3*v - 6 = 0, -4*v = 5*t - 3*v + 17. Give f(t).
-1
Let q(v) be the second derivative of -v - 5/6*v**3 + 0 - v**2 - 5/12*v**4 - 1/20*v**5. Let m be (1/1)/(7/(-28)). Calculate q(m).
2
Let t = -4 - -8. Let f(n) = -n - 1. Let b(w) = -w**2 + 3*w. Let q(z) = b(z) - 2*f(z). Give q(t).
6
Let k(q) = q. Let p = -4 - -3. Let w = p + 1. Suppose -5*h = r - w*r - 24, -r - 8 = -3*h. Determine k(h).
4
Suppose 0*c - 4*c - 4 = 0. Suppose 6 + 2 = 4*h. Let n(l) = -l**h + 2*l**2 - l - 5*l**2. Calculate n(c).
-3
Let l(c) = -11*c**2 + 1. Let o(p) = -p. Let h be o(-6). Suppose -3*d + y = d - h, -5*d - 5*y - 5 = 0. Calculate l(d).
-10
Let h(i) = 17*i - 6. Suppose -4*u = -3 + 31. Let s(j) = -2*j - 10. Let q be s(u). Let o(m) = 6*m - 2. Let x(n) = q*h(n) - 11*o(n). Determine x(3).
4
Let n(s) = -s - 1. Let d be n(-6). Suppose -d*p = 18 - 48. Let z = -4 + p. Let g(x) = x**2 - 2*x - 1. Give g(z).
-1
Let r(l) = l**3 + l**2 + l - 9. Let o = 6 - 3. Let g be o*((-8)/3)/2. Let y = 4 + g. Calculate r(y).
-9
Let k(z) = z**2 - 2*z - 3. Let d be k(3). Let n(s) = s**3 - s**2 + s + 1. What is n(d)?
1
Let h(n) = n + 7 - 8 + 0 + 2*n. Let s(u) = u**2 + u + 1. Let p be s(-2). Give h(p).
8
Let c(j) be the first derivative of -1/20*j**5 - 1/6*j**3 - 2*j - 3/2*j**2 + 0*j**4 + 3. Let w(m) be the first derivative of c(m). Give w(0).
-3
Let o(f) = -f**2 - f - 5. Suppose 3*c + 3*a + 7 = -5, 0 = -c - 5*a - 4. Let q be (-1 + -15)/(-4) + c. What is o(q)?
-5
Let z(c) = -c**2 + 3*c. Let x be (2/4 - 0)/((-4)/(-24)). Calculate z(x).
0
Let r(u) = -u**2 + 3*u - 1. Let f(k) = k**2 - 5*k - 1. Let d be f(6). Calculate r(d).
-11
Let o(a) = 3*a - 3. Let i = -9 - -7. Let n = 2 + i. Suppose 2*r + 5 - 11 = n. Calculate o(r).
6
Let u(c) = 3*c - 4. Suppose a = -6*t + t + 21, -5*a = -5*t + 45. Give u(a).
-16
Let l be (3 + 7)/(-2 - 0). Let s(a) = 2 + 0 + 3*a + 5. Calculate s(l).
-8
Let g(c) = 6*c**2 - 1. Let k = -1 - 0. Let d(z) = -5*z**3 + z + 1. Let p be d(k). Suppose -5*s = -2*h + 11, p*s + h + 2 = -0*s. Calculate g(s).
5
Let c(f) = -f - 6. Let y(h) = h + 5. Let p be 2/4*10*-1. Let i(v) = p*c(v) - 6*y(v). Give i(0).
0
Let z be 2/3*2*3. Let h(r) = -2*r + 5 - r - z*r**2 - 3 + 5*r**2. Calculate